et b(c) = -c - 16. Determine b(-9).
-7
Let b(s) = s**3 - 9*s**2 + 7*s - 12. Give b(8).
-20
Let n(p) = -p**2 + 6*p + 9. Calculate n(7).
2
Let h(r) = 2*r**2 - 16*r + 5. Determine h(7).
-9
Let j(n) = 2*n**3 + 22*n**2 + 4*n + 20. Calculate j(-11).
-24
Let t(d) = 2*d**3 + 3*d**2 + 17*d + 47. Calculate t(-3).
-31
Let k(u) = u**3 + 15*u**2 + 38*u + 20. Determine k(-12).
-4
Let w(o) = o**2 + 5*o + 27. Calculate w(-9).
63
Let c(g) = g**2 - 8*g - 14. Determine c(11).
19
Let r(t) = -t**2 + 6*t - 9. Give r(6).
-9
Let i(f) = -3*f**2 - 2*f + 1. Determine i(-2).
-7
Let n(y) = y**2 - 16. Give n(10).
84
Let n(x) = 20*x**3 - 2*x**2 - x. Calculate n(-1).
-21
Let z(u) = u**3 - u**2 - u + 4. Give z(4).
48
Let v(k) = -79*k**3 - k**2 + 3*k - 1. What is v(1)?
-78
Let r(m) = -17*m + 66. Calculate r(4).
-2
Let k(a) = -a**3 - 16*a**2 - 34*a - 103. Calculate k(-14).
-19
Let y(f) = -4*f + 152. Calculate y(31).
28
Let s(f) = -f - 23. What is s(-30)?
7
Let v(t) = -22*t + 31. Calculate v(7).
-123
Let d(q) = 5*q**2 - 46*q + 2. Determine d(9).
-7
Let z(u) = -2*u - 5. What is z(-3)?
1
Let t(q) = -q**3 - 4*q**2 - q - 17. Calculate t(-4).
-13
Let l(r) = -r - 7. Determine l(4).
-11
Let u(d) = -d**3 - 6*d**2 - 7*d - 5. Determine u(-4).
-9
Let m(h) = -h - 29. Give m(-24).
-5
Let y(v) = -6*v + 4. Determine y(3).
-14
Let w(l) = -l**3 - 8*l**2 - 13*l - 3. Give w(-6).
3
Let v(m) = 2*m**2 - m - 1. Give v(-2).
9
Let j(k) = -58*k - 346. Give j(-6).
2
Let v(w) = -w**2 + 2*w + 67. Determine v(0).
67
Let q(f) = f**2 - 14*f - 9. What is q(10)?
-49
Let m(t) = -t**3 + 27*t**2 - 44*t - 143. Calculate m(25).
7
Let d(g) = -g**2 - 3*g + 74. What is d(-11)?
-14
Let d(u) = u**3 - 2*u**2 + 21*u - 64. Calculate d(3).
8
Let y(z) = -z - 12. What is y(6)?
-18
Let m(v) = -2*v**2 + 18*v + 15. What is m(8)?
31
Let p(z) = 3*z - 5. Calculate p(3).
4
Let a(o) = o**3 + 2*o**2 - 4*o + 3. What is a(-4)?
-13
Let r(i) = 2*i - 24. Determine r(11).
-2
Let j(b) = -2*b**2 + 5*b + 3. Determine j(-4).
-49
Let o(y) = -y**3 - 2*y**2 - 2*y - 1. What is o(-2)?
3
Let c(b) = 4*b**3 + 2*b**2 + 2*b + 1. Give c(-1).
-3
Let z(b) = -b**3 + 7*b**2 + 6*b + 14. Give z(8).
-2
Let v(l) = -l**2 - 8*l - 16. Give v(-7).
-9
Let n(b) = 2*b**2 + 3*b - 37. Give n(4).
7
Let v(j) = -j**3 - 9*j**2 - 10*j - 6. Give v(-7).
-34
Let x(d) = 6*d**3 + 4*d**2 + 3*d + 1. Calculate x(-2).
-37
Let g(h) = 5*h - 12. Give g(4).
8
Let a(g) = -g**3 + 7*g**2 - 9*g - 3. Give a(5).
2
Let k(f) = -f**3 - 7*f**2 + 36*f + 229. Give k(-8).
5
Let d(y) = -39*y**3 + 2*y**2 - 2*y + 1. What is d(1)?
-38
Let r(a) = -a**3 - 7*a**2 - 10*a + 5. Give r(-5).
5
Let y(z) = 2*z + 20. What is y(-6)?
8
Let g(t) = -t**3 - 6*t**2 + 6*t + 8. Determine g(-6).
-28
Let b(y) = y**2 - 30*y - 129. Determine b(34).
7
Let c(l) = 2*l**2 - 19*l - 173. Calculate c(-6).
13
Let y(j) = j**2 + 4*j - 15. Give y(3).
6
Let l(r) = r**2 + 22*r + 60. What is l(-9)?
-57
Let r(w) = 13*w + 68. What is r(-13)?
-101
Let s(k) = -2*k**2 + k. Calculate s(-2).
-10
Let r(k) = k**3 + 12*k**2 + 12*k + 7. Calculate r(-11).
-4
Let l(n) = n**3 + 4*n**2 + 3*n + 4. Give l(-3).
4
Let t(y) = 8*y + 5. Calculate t(3).
29
Let w(j) = -2*j**2 - 47*j + 19. What is w(-24)?
-5
Let i(l) = 6*l - 33. Give i(-9).
-87
Let b(q) = -q**3 - 23*q**2 + 48*q - 47. Calculate b(-25).
3
Let a(i) = -2*i**3 - 2*i**2 - i - 1. What is a(0)?
-1
Let n(g) = g**2 + g - 303. Calculate n(17).
3
Let v(p) = p + 14. What is v(-13)?
1
Let u(m) = -5*m - 76. Calculate u(-14).
-6
Let u(o) = -o**3 - 19*o**2 + 2*o + 29. Determine u(-19).
-9
Let l(u) = -2*u + 2. Calculate l(-12).
26
Let v(n) = -6*n - 12. Determine v(-3).
6
Let x(a) = -a**2 - 21*a - 14. Give x(-15).
76
Let b(u) = 15*u - 384. Determine b(25).
-9
Let s(m) = 2*m**2 - 15*m + 15. What is s(6)?
-3
Let o(s) = -s**2 + 12*s + 13. Give o(13).
0
Let w(b) = 2*b**2 - 9*b - 10. Determine w(5).
-5
Let p(u) = -u**2 + 7*u - 3. Calculate p(7).
-3
Let q(b) = 3*b**3 + 3*b**2 - b - 2. Give q(-2).
-12
Let a(j) = -j**2 - 9*j - 2. What is a(-9)?
-2
Let y(t) = t**2 + 7*t - 4. What is y(-11)?
40
Let r(n) = -3*n**3 + 2*n + 3. What is r(-2)?
23
Let f(o) = 2*o**2 - 15*o - 49. What is f(-3)?
14
Let i(a) = -2*a**2 - 2*a - 1. Determine i(2).
-13
Let g(l) = -l**2 + 8*l + 34. Determine g(10).
14
Let o(k) = 12*k - 96. Determine o(8).
0
Let s(k) = k**3 - 8*k**2 + 11*k - 15. Give s(6).
-21
Let u(o) = -5*o + 165. Determine u(27).
30
Let s(y) = -y**3 + 5*y**2 + y + 7. Determine s(7).
-84
Let o(z) = z**2 - 13*z - 23. Calculate o(17).
45
Let i(d) = -d**3 - 3*d**2 + 4*d + 1. Determine i(-4).
1
Let w(i) = i**3 + 2*i**2 + i + 1. Calculate w(0).
1
Let a(c) = c**3 + 4*c**2 + 5*c + 10. Determine a(-3).
4
Let n(o) = o**2 + 9*o + 5. Calculate n(-8).
-3
Let m(h) = 3*h**3 + 3*h**2 - 4*h + 3. Give m(2).
31
Let k(x) = -2*x**2 - 21*x + 23. Calculate k(-7).
72
Let t(f) = -7*f + 13. Calculate t(3).
-8
Let h(z) = -z**2 + 12*z - 6. Determine h(11).
5
Let v(t) = -t**3 - 5*t**2 + 3*t + 3. Calculate v(-4).
-25
Let k(y) = -2*y**3 - 2*y**2 - y + 3. Determine k(-2).
13
Let i(x) = -13*x - 2. Give i(-2).
24
Let t(a) = -15*a**2 - 3*a + 11. What is t(2)?
-55
Let z(m) = m**3 + 32*m**2 + 5*m + 156. Determine z(-32).
-4
Let c(j) = -j**3 + 23*j**2 - 21*j - 22. What is c(22)?
0
Let d(x) = 7*x - 3. What is d(3)?
18
Let p(k) = 10*k - 3. Determine p(-2).
-23
Let j(u) = 2*u - 60. Give j(24).
-12
Let r(x) = 2*x - 2. What is r(12)?
22
Let y(d) = d**2 + 31*d - 96. Determine y(3).
6
Let h(u) = u**3 + 5*u**2 - 4*u + 6. Calculate h(-6).
-6
Let y(b) = -b**3 + 14*b**2 + 2*b + 1. Give y(14).
29
Let a(h) = -2*h + 14. Determine a(-11).
36
Let a(d) = -d**2 + 23*d - 105. Calculate a(5).
-15
Let n(z) = -22*z - 41. What is n(-2)?
3
Let d(l) = -l**2 - l - 43. Give d(0).
-43
Let j(i) = i**3 + 34*i**2 - 34*i - 28. Calculate j(-35).
-63
Let l(g) = 10*g**2 - g - 2. Calculate l(-1).
9
Let f(b) = -16*b + 2. Determine f(3).
-46
Let m(v) = -5*v**2 - 6*v - 8. Determine m(-5).
-103
Let q(l) = -2*l**3 - 12*l**2 - 6*l + 3. Calculate q(-5).
-17
Let z(j) = 14*j - 51. Determine z(4).
5
Let k(s) = -s**3 - 34*s**2 - 32*s + 33. Determine k(-33).
0
Let t(f) = 3*f - 14. Determine t(-11).
-47
Let i(f) = 2*f**2 - 61*f + 32. Calculate i(30).
2
Let a(n) = 2*n**2 + 34*n. Give a(-16).
-32
Let z(d) = d**2 + 3*d - 5. Calculate z(-4).
-1
Let o(y) = 2*y**2 - 4*y - 7. Give o(-4).
41
Let w(l) = -l**3 - 4*l**2 + 3*l - 7. Give w(-6).
47
Let j(w) = -w**2 + 16. Determine j(0).
16
Let h(a) = -5*a**3 - a. What is h(1)?
-6
Let s(i) = i**2 + 5*i - 1. What is s(-3)?
-7
Let x(f) = -f**3 - 8*f**2 - f - 11. Calculate x(-8).
-3
Let t(c) = -c**3 - 6*c**2 + 11*c + 9. Determine t(-7).
-19
Let m(z) = -z**3 - 13*z**2 + z + 9. What is m(-13)?
-4
Let x(y) = 10*y - 1. Calculate x(-2).
-21
Let c(o) = 92*o**2 + 4*o + 5. Determine c(-1).
93
Let v(n) = -n**2 + 33*n - 45. What is v(31)?
17
Let o(g) = 2*g + 2. Determine o(3).
8
Let g(u) = u**2 - 7*u - 3. Give g(9).
15
Let k(i) = i**3 + 4*i**2 - 6*i - 5. Give k(-5).
0
Let u(d) = 3*d**2 + 31*d + 3. Calculate u(-10).
-7
Let l(d) = -d**2 + 11*d + 22. What is l(13)?
-4
Let t(c) = -62*c + 1619. Calculate t(26).
7
Let x(h) = -h**3 - 5*h**2 - 4*h + 3. Give x(-4).
3
Let n(r) = 8*r - 79. Determine n(8).
-15
Let g(a) = a**3 - 3*a**2 - 2*a + 1. What is g(-2)?
-15
Let n(v) = -v**3 - 17*v**2 - 18*v - 20. Calculate n(-16).
12
Let u(g) = 7*g + 3. Calculate u(-2).
-11
Let w(t) = -t**2 + 4*t - 4. What is w(4)?
-4
Let i(p) = -p**2 + 13. Determine i(0).
13
Let n(h) = h**2 - 14*h + 21. Determine n(11).
-12
Let x(m) = -5*m - 33. Calculate x(-8).
7
Let j(t) = -t**2 + 18*t - 24. Give j(17).
-7
Let y(a) = 2*a**2 - 10*a + 10. Determine y(8).
58
Let d(u) = -3*u**2 - 4*u - 7. Calculate d(-2).
-11
Let k(x) = 9*x + 190. What is k(-23)?
-17
Let d(w) = -w - 4. What is d(-6)?
2
Let c(d) = 39*d**3 + d**2 - 3*d + 3. Calculate c(1).
40
Let b(f) = -25*f + 97. Give b(7).
-78
Let f(y) = -2*y. What is f(9)?
-18
Let h(k) = k**2 - 13*k + 36. What is h(6)?
-6
Let v(q) = -q**2 + q - 68. Calculate v(0).
-68
Let w(f) = 3*f**2 - 6*f + 13. Calculate w(2).
13
Let m(i) = i**2 - 7*i - 1. Calculate m(-5).
59
Let a(i) = -8*i + 20. Give a(15).
-100
Let o(k) = k**2 + 18*k + 21. Calculate o(-15).
-24
Let z(d) = -7*d. Determine z(-6).
42
Let r(n) = -4*n + 5. Determine r(4).
-11
Let g(i) = -5*i - 184. Determine g(-37).
1
Let x(v) = -2*v**2 + 7*v - 3. Calcul